8?
6
What is the hundred thousands digit of 6603003?
6
What is the millions digit of 5569541?
5
What is the hundred thousands digit of 628522?
6
What is the tens digit of 769456?
5
What is the hundred thousands digit of 5614120?
6
What is the units digit of 76352?
2
What is the tens digit of 6191352?
5
What is the hundred thousands digit of 969845?
9
What is the units digit of 4689421?
1
What is the tens digit of 71239?
3
What is the thousands digit of 97684?
7
What is the tens digit of 315378?
7
What is the ten thousands digit of 2162705?
6
What is the hundreds digit of 4709425?
4
What is the ten thousands digit of 297761?
9
What is the hundreds digit of 787674?
6
What is the units digit of 2313710?
0
What is the ten thousands digit of 293863?
9
What is the ten thousands digit of 2420428?
2
What is the thousands digit of 30919?
0
What is the thousands digit of 86081?
6
What is the ten thousands digit of 6216938?
1
What is the hundreds digit of 804755?
7
What is the units digit of 1115531?
1
What is the ten thousands digit of 20620?
2
What is the hundreds digit of 42178?
1
What is the tens digit of 430897?
9
What is the units digit of 482513?
3
What is the hundreds digit of 4873342?
3
What is the hundreds digit of 196755?
7
What is the thousands digit of 340594?
0
What is the hundreds digit of 179542?
5
What is the millions digit of 3458915?
3
What is the millions digit of 1592193?
1
What is the hundred thousands digit of 511715?
5
What is the hundreds digit of 107856?
8
What is the tens digit of 754714?
1
What is the units digit of 42826?
6
What is the ten thousands digit of 1606939?
0
What is the hundreds digit of 165109?
1
What is the hundreds digit of 553546?
5
What is the hundred thousands digit of 9098312?
0
What is the hundred thousands digit of 1679822?
6
What is the hundreds digit of 732401?
4
What is the hundred thousands digit of 2233581?
2
What is the units digit of 317983?
3
What is the millions digit of 5554650?
5
What is the hundreds digit of 632371?
3
What is the units digit of 7321257?
7
What is the tens digit of 68520?
2
What is the millions digit of 20858773?
0
What is the units digit of 2264363?
3
What is the ten thousands digit of 67412?
6
What is the hundreds digit of 165444?
4
What is the tens digit of 1156708?
0
What is the hundred thousands digit of 1741081?
7
What is the ten thousands digit of 196957?
9
What is the millions digit of 1669621?
1
What is the thousands digit of 479427?
9
What is the hundred thousands digit of 1298221?
2
What is the hundreds digit of 10656267?
2
What is the units digit of 1309020?
0
What is the ten thousands digit of 95576?
9
What is the tens digit of 3867845?
4
What is the units digit of 1726170?
0
What is the hundreds digit of 8814094?
0
What is the tens digit of 54110?
1
What is the thousands digit of 380575?
0
What is the hundreds digit of 6147152?
1
What is the millions digit of 2239634?
2
What is the hundred thousands digit of 1080340?
0
What is the millions digit of 18528454?
8
What is the hundreds digit of 311497?
4
What is the millions digit of 2041039?
2
What is the tens digit of 1095200?
0
What is the tens digit of 16418982?
8
What is the units digit of 1028385?
5
What is the thousands digit of 54401?
4
What is the units digit of 3011427?
7
What is the ten millions digit of 34153041?
3
What is the hundred thousands digit of 851090?
8
What is the hundred thousands digit of 393382?
3
What is the tens digit of 13193488?
8
What is the tens digit of 343123?
2
What is the units digit of 275124?
4
What is the hundred thousands digit of 704731?
7
What is the ten thousands digit of 13244586?
4
What is the thousands digit of 10357207?
7
What is the units digit of 20918130?
0
What is the tens digit of 467667?
6
What is the hundreds digit of 115810?
8
What is the ten thousands digit of 15817571?
1
What is the millions digit of 1767171?
1
What is the tens digit of 461913?
1
What is the thousands digit of 5814140?
4
What is the ten thousands digit of 316460?
1
What is the tens digit of 565478?
7
What is the millions digit of 30078405?
0
What is the hundred thousands digit of 5947035?
9
What is the hundreds digit of 444010?
0
What is the hundred thousands digit of 976619?
9
What is the hundred thousands digit of 12761276?
7
What is the hundreds digit of 168232?
2
What is the tens digit of 1440756?
5
What is the units digit of 221573?
3
What is the thousands digit of 1184877?
4
What is the millions digit of 6407220?
6
What is the units digit of 350855?
5
What is the millions digit of 9742312?
9
What is the units digit of 20466347?
7
What is the millions digit of 1752902?
1
What is the ten thousands digit of 605429?
0
What is the hundreds digit of 12933706?
7
What is the thousands digit of 841443?
1
What is the tens digit of 2106263?
6
What is the tens digit of 16104076?
7
What is the hundred thousands digit of 526913?
5
What is the ten thousands digit of 8783582?
8
What is the thousands digit of 617378?
7
What is the hundreds digit of 2977429?
4
What is the ten thousands digit of 1054340?
5
What is the tens digit of 800672?
7
What is the tens digit of 580999?
9
What is the ten thousands digit of 47845?
4
What is the hundreds digit of 812110?
1
What is the units digit of 178990?
0
What is the units digit of 206149?
9
What is the thousands digit of 83956?
3
What is the hundred thousands digit of 2765216?
7
What is the units digit of 30968037?
7
What is the millions digit of 1905656?
1
What is the hundreds digit of 704822?
8
What is the ten thousands digit of 1054743?
5
What is the units digit of 14796719?
9
What is the hundreds digit of 15508601?
6
What is the thousands digit of 31159760?
9
What is the hundred thousands digit of 1009895?
0
What is the ten thousands digit of 1114703?
1
What is the ten thousands digit of 355374?
5
What is the units digit of 2325?
5
What is the hundreds digit of 57863?
8
What is the tens digit of 351568?
6
What is the hundred thousands digit of 5047575?
0
What is the thousands digit of 1913990?
3
What is the hundred thousands digit of 277312?
2
What is the ten thousands digit of 938180?
3
What is the tens digit of 72217?
1
What is the ten thousands digit of 14852637?
5
What is the units digit of 85650?
0
What is the hundred thousands digit of 163813?
1
What is the tens digit of 5597691?
9
What is the tens digit of 16268024?
2
What is the hundred thousands digit of 2081336?
0
What is the millions digit of 21875097?
1
What is the hundreds digit of 144254?
2
What is the ten millions digit of 27281314?
2
What is the hundreds digit of 34001?
0
What is the hundreds digit of 468575?
5
What is the tens digit of 132687?
8
What is the units digit of 69120?
0
What is the hundred thousands digit of 210002?
2
What is the hundred thousands digit of 296566?
2
What is the units digit of 18879128?
8
What is the thousands digit of 164498?
4
What is the units digit of 5744454?
4
What is the hundred thousands digit of 26527720?
5
What is the hundred thousands digit of 1935638?
9
What is the hundreds digit of 24539336?
3
What is the thousands digit of 8936394?
6
What is the hundreds digit of 298251?
2
What is the thousands digit of 24874749?
4
What is the hundred thousands digit of 5899107?
8
What is the units digit of 30519?
9
What is the ten thousands digit of 116611?
1
What is the thousands digit of 685857?
5
What is the units digit of 228154?
4
What is the tens digit of 4557139?
3
What is the thousands digit of 3814850?
4
What is the ten thousands digit of 147508?
4
What is the hundreds digit of 3564747?
7
What is the ten thousands digit of 196956?
9
What is the units digit of 3579143?
3
What is the hundreds digit of 21663?
6
What is the hundred thousands digit of 32294323?
2
What is the units digit of 960867?
7
What is the thousands digit of 216829?
6
What is the ten thousands digit of 40341403?
4
What is the hundred thousands digit of 10585414?
5
What is the thousands digit of 94046?
4
What is the ten thousands digit of 196042?
9
What is the hundreds digit of 158579?
5
What is the units digit of 3802361?
1
What is the hundred thousands digit of 119547?
1
What is the hundreds digit of 517803?
8
What is the hundred thousands digit of 2283663?
2
What is the ten thousands digit o